git of j?
3
Suppose 361114 + 2397962 = 118*l. What is the thousands digit of l?
3
Let j(b) = -40*b + 36. Let z be j(-16). What is the units digit of (z/78)/((-4)/(-258))?
9
Let f be (-18)/12 + -1 + 90226/4. Let o = f + -9354. What is the units digit of 2/7 + o/154?
6
Let d be (1*6)/(6 + -5). Let f(c) = -d*c**3 + 13*c**3 - 8*c**3 + 8 + 3. What is the units digit of f(0)?
1
Let x(d) = d**3 - 8*d**2 - 2*d + 7. Let s be x(8). Let o be (s/27)/((-2)/36). Suppose -o*j = -8*j + 118. What is the tens digit of j?
5
Let j = -4929 - -8585. What is the hundreds digit of j?
6
Let z(g) = 431*g + 8075. What is the thousands digit of z(75)?
0
Suppose 4*r - 3*l - 55 = -0*r, 2*l = -5*r + 63. Suppose -2*s - 17 = -r. Let y(f) = -33*f + 3. What is the tens digit of y(s)?
6
What is the units digit of 5768 + (3 - (-16 - -13))?
4
Let w be -1 + 0 + -9 + 20. Let s be -2*35/w*-17. Let b = s - 63. What is the units digit of b?
6
Suppose -12 = 3*u, -4*u = 5*n - 6*u + 42. Let s be (-9)/(n - 8)*(-11 - 1). What is the hundreds digit of ((-663)/(-17))/((-1)/s)?
2
Let q(n) = n**2 + 2*n + 1. Let d be q(-1). Let t = -2 - d. What is the tens digit of 3*t/6*(3 - 16)?
1
Suppose -28 = 2*c - 40. Let k(g) = 32*g + 28. What is the hundreds digit of k(c)?
2
Let x be (6/(-6))/((-3)/9). Suppose 1445 = x*o + 2*o + j, 1175 = 4*o - 3*j. What is the hundreds digit of o?
2
Let j = -3359 + 8784. What is the thousands digit of j?
5
Let s = 3814 - -6753. What is the units digit of s?
7
Let y(f) = -f**3 - f**2 + 14*f + 20. Let n be y(-3). What is the tens digit of ((-65)/(-2))/(n + 291/72)?
8
Suppose -48116 = -3*f - 2*r, -4*r = 3*f - 41894 - 6212. What is the hundreds digit of f?
0
Suppose -11*p = -5*p + 5*p - 32813. What is the tens digit of p?
8
Suppose -4*x + 67700 = 4*y, -4*x - 2*y = -42460 - 25236. What is the tens digit of x?
2
Suppose -5*q = 2*q - 742. Suppose 7*n + q = 8*n. What is the tens digit of n?
0
Suppose 2*b = -2*d - 9152 + 39692, 0 = -5*d + 5*b + 76320. What is the thousands digit of d?
5
What is the ten thousands digit of (-32)/(-6)*((-11683)/70)/(38/(-855))?
2
Suppose -4*p = 3*z - 5086, -z - 2*p = -2275 + 577. What is the thousands digit of z?
1
Suppose -5*d = 3*y - 106668, 15848 - 122492 = -5*d + y. What is the units digit of d?
0
Let z = 11 + -8. Let r(d) be the first derivative of 5*d**2/2 - 5*d - 58. What is the tens digit of r(z)?
1
Let r(s) = -3012*s - 3713. What is the hundreds digit of r(-9)?
3
Let k(t) = 145*t + 11. Let w be k(8). Let f = w + -351. What is the hundreds digit of f?
8
Suppose 5*x + 0 = m - 1, 2*m = -5*x - 13. Let q be (-20 + 2)/(-4 - 3/x). Suppose -10*z - 32 = -q*z. What is the units digit of z?
4
Let c(a) = 17*a + 53 + 8 - 48*a**2 - a**3 + 23*a**2 - 76*a. What is the tens digit of c(-25)?
3
Let m = -5863 - -15341. What is the units digit of m?
8
Let n(k) = -315*k**3 - 17*k**2 - 30*k - 18. What is the tens digit of n(-4)?
9
Let d(f) = -4*f**3 - f**2 - f. Suppose -20 = -q - 15. Suppose -q*t + 10 = -15*t. What is the units digit of d(t)?
4
Let g be (-3 - -4 - 2) + 63. Let j = -55 + g. What is the units digit of (j - 1)*(35 + -15)?
0
Suppose 24 + 3 = 9*w. Suppose f = 1, -3*f - 1 = -w*v + v. What is the units digit of 257/v - (-2)/4?
9
Let g(a) = 25*a**3 + 142*a**2 - 72*a + 371. Let r(z) = -18*z**3 - 95*z**2 + 48*z - 247. Let h(o) = -5*g(o) - 7*r(o). What is the tens digit of h(45)?
5
Suppose 0 = -15*w + 103073 + 112612. What is the tens digit of w?
7
Let v(t) be the first derivative of t**3/3 + 6*t**2 - t - 9. Let q be v(15). Let p = -280 + q. What is the tens digit of p?
2
Let f(b) = b + 8. Suppose 3*h - 15*h = 36. Let a be f(h). Suppose s + a*g - 239 = 0, 5*g - g - 1279 = -5*s. What is the tens digit of s?
5
Suppose -14*z = -16*z + 200. Suppose -w + 312 = z. What is the hundreds digit of w?
2
Let a(x) = x + 8. Let b be a(-6). Let w be (-1100)/100 + (1 - -10). Suppose -4*q - b + 50 = w. What is the tens digit of q?
1
Let d = 182 - 245. What is the units digit of 1 + -6 - 54369/d?
8
Suppose -l + 9163 = 3*f + 3195, -4*l + 23850 = f. What is the units digit of l?
2
Let j = -4153 - -13209. What is the hundreds digit of j?
0
Suppose 8 = 4*y - 300. Let h = y - 117. What is the tens digit of h/60*(-237)/2?
7
Let t(l) = l**3 + 52*l**2 + 52*l + 124. What is the tens digit of t(-41)?
8
Let b(m) = -11 - 15*m**2 + 65*m - 8*m - 14*m - 10*m**2 + m**3. What is the hundreds digit of b(24)?
4
Let q(n) = -n**3 - 9*n**2 - 11*n - 4. Let l be q(-8). Let t be 78*5*4/30. Let i = t - l. What is the tens digit of i?
3
Suppose 3*k - 60 = -k. Suppose -11 = -23*g + 34*g. Let w = g + k. What is the units digit of w?
4
Let u = -89 - 108. Let o = u + 538. What is the tens digit of o?
4
Let x(u) = -3*u - 16. Let s be x(-7). Suppose 2*w = s*w - 6. Let v(d) = 31*d + 4. What is the tens digit of v(w)?
6
Let q be ((-6 - -6)/4)/(-1 + 2). Let k(t) = -10 + t + 102 - t**2 - 3*t + 0*t**2 + t**3. What is the units digit of k(q)?
2
Let k(c) = -c**3 - 81*c**2 + 162*c - 313. What is the thousands digit of k(-88)?
9
Suppose 25*v = 20*v + 4365. Suppose v + 6777 = 9*l. What is the tens digit of l?
5
Let a(j) = -9*j**2 - j**3 - 8 - 6 - 4*j + 2*j**3. Suppose 0 = 23*i - 17*i - 60. What is the units digit of a(i)?
6
Let m be (-14)/21*(-466 - -7). Let k = m + -285. What is the units digit of k?
1
Let d be (348/12)/((-1)/(-16)). Suppose -3*w = -2*w - 3*y - 257, 0 = 2*w + 4*y - d. What is the hundreds digit of w?
2
Let w(k) = -k**2 - 16*k - 15. Let c be w(-13). Suppose -3*p + 9*p - c = 0. Suppose 4*r + b + 4*b - 490 = 0, p*b + 592 = 5*r. What is the hundreds digit of r?
1
Let a = -331 + 327. What is the tens digit of (-13 - (a + -12)) + 3*78?
3
Suppose 11*j = -1 + 34. Suppose 0 = j*y - 3 - 6. Suppose 4*k = 2*k - n + 111, -y*n = 2*k - 109. What is the tens digit of k?
5
Suppose 0 = 3*a + 44*a - 576398 - 1609807. What is the units digit of a?
5
Suppose -v = -2*c - 21513, -2*c + 26392 = 2*v - 16646. What is the units digit of v?
7
Let k(n) = n**3 + 117*n**2 - 94*n - 135. What is the tens digit of k(-117)?
6
Let f(p) = 3*p**2 + 5*p + 16293. What is the tens digit of f(0)?
9
Let l(k) = 40*k**2 - k + 5. Let n = -71 + 80. Let m(z) = 81*z**2 - 2*z + 11. Let r(q) = n*l(q) - 4*m(q). What is the units digit of r(-2)?
7
Let h(p) = 5*p**2 - 6*p + 1. Let c be h(5). Suppose 48 = -5*o - 177. Let y = c + o. What is the units digit of y?
1
Suppose 131432 = 123*s - 109*s. What is the tens digit of s?
8
Let u(o) = 508*o - 222*o + 5*o**2 - 164*o + 35. What is the hundreds digit of u(-29)?
7
Let c be (-10)/(-14) - 34/(-119). Let i(t) = 7*t**3 + 2*t**2 - 3*t + 2. Let g be i(c). Suppose -l - 728 = -g*l. What is the tens digit of l?
0
Suppose -4*w - 21 = -s, -w = 2 + 2. Suppose f - s + 10 = 0. Let x(y) = -44*y + 6. What is the hundreds digit of x(f)?
2
Let s be 15/(-6)*(1 + 34/(-10)). Let d be (10 + -1)*2/s. Suppose 0 = -0*p + p - 5*q - 217, -d*p + 667 = q. What is the units digit of p?
2
Let p = -81 + 73. Let z = 20 + p. What is the tens digit of z?
1
Let j = 1636 - -6520. What is the tens digit of j?
5
Let w = 11 - -11. Suppose -12*b + 14*b = w. What is the tens digit of (-2500)/(-44) + 2/b?
5
Let p(w) = -w**2 + 5*w - 7. Let o be p(4). Let x be (0/(-1))/((o - -2)*2). Let f(n) = n**2 - 3*n + 94. What is the tens digit of f(x)?
9
Let c = -668 + 671. Suppose c*h = 4265 - 1046. What is the hundreds digit of h?
0
Suppose -5*k = 0, -17*i + 5*k - 641 = -18*i. Let l = i - 280. What is the units digit of l?
1
Let w(n) = -8*n**2 + 18*n - 23. Let g(z) = -16*z**2 + 35*z - 44. Let v(h) = -4*g(h) + 7*w(h). What is the hundreds digit of v(-8)?
6
Let g = 15287 + -8717. What is the hundreds digit of g?
5
Let s = -51881 + 75128. What is the thousands digit of s?
3
Suppose -14*c - 20*c - 884 = 0. Let a(n) = -26*n - 6. What is the units digit of a(c)?
0
Let k = 51 + -27. Let h = -34 + k. What is the units digit of (-15)/25 + ((-926)/h - 2)?
0
Let q(i) = i**3 - 22*i**2 + 40*i - 1. Let n be (-1 + -49)*6/(-15). Let m be q(n). What is the tens digit of (m*47)/((-17)/85)?
3
Let x(l) = 93*l**3 + 8*l**2 - 30*l + 13. What is the tens digit of x(5)?
8
Let g be -3 + 2060 + (5 - 4)*2. Suppose 0 = 2*y - 9*x - g, -5206 = -8*y + 3*y + 3*x. What is the hundreds digit of y?
0
Let d(h) = -84*h + 3. Let t(u) = 55 - 16 - 977*u + 228*u - 343*u. Let w(r) = -27*d(r) + 2*